8567 is divided by 2718.
2717
Calculate the remainder when 60270 is divided by 59694.
576
What is the remainder when 28167 is divided by 545?
372
What is the remainder when 63815146 is divided by 1026?
1024
Calculate the remainder when 251731 is divided by 47.
46
What is the remainder when 108500 is divided by 26986?
556
Calculate the remainder when 140992932 is divided by 386282.
2
What is the remainder when 361413 is divided by 32850?
63
Calculate the remainder when 126269 is divided by 752.
685
What is the remainder when 158335035 is divided by 6?
3
What is the remainder when 56441 is divided by 259?
238
What is the remainder when 3932310 is divided by 3803?
8
Calculate the remainder when 239812 is divided by 32.
4
What is the remainder when 655458 is divided by 218224?
786
Calculate the remainder when 14619872 is divided by 859992.
8
What is the remainder when 12841601 is divided by 91?
45
Calculate the remainder when 328650372 is divided by 17.
14
What is the remainder when 145482 is divided by 19?
18
What is the remainder when 56130 is divided by 1118?
230
What is the remainder when 15625 is divided by 1115?
15
Calculate the remainder when 915050 is divided by 16338.
122
What is the remainder when 436333 is divided by 8726?
33
What is the remainder when 286442 is divided by 286442?
0
Calculate the remainder when 553591 is divided by 138369.
115
What is the remainder when 12777 is divided by 4147?
336
What is the remainder when 3848066 is divided by 72605?
1
What is the remainder when 1675451 is divided by 35?
1
Calculate the remainder when 5179888 is divided by 1726625.
13
What is the remainder when 8860575 is divided by 4430263?
49
Calculate the remainder when 243367772 is divided by 1915.
1912
What is the remainder when 2057691 is divided by 1028822?
47
Calculate the remainder when 37295428 is divided by 5443.
5435
Calculate the remainder when 5666360 is divided by 3451.
3269
What is the remainder when 183433 is divided by 61129?
46
Calculate the remainder when 10224426 is divided by 329819.
37
What is the remainder when 7136245 is divided by 80?
5
What is the remainder when 531649 is divided by 264181?
3287
Calculate the remainder when 1688954 is divided by 844468.
18
What is the remainder when 6191042 is divided by 8093?
7990
Calculate the remainder when 295606 is divided by 19694.
196
What is the remainder when 54897767 is divided by 6?
5
Calculate the remainder when 191041 is divided by 402.
91
What is the remainder when 104336493 is divided by 396?
393
Calculate the remainder when 42392 is divided by 3666.
2066
Calculate the remainder when 14706724 is divided by 7115.
19
Calculate the remainder when 23669 is divided by 5199.
2873
Calculate the remainder when 5293212 is divided by 20516.
84
Calculate the remainder when 336150333 is divided by 8.
5
Calculate the remainder when 22698221 is divided by 195.
26
What is the remainder when 3387473 is divided by 91?
89
What is the remainder when 12259954 is divided by 21699?
19
Calculate the remainder when 18824772 is divided by 448207.
78
Calculate the remainder when 3105776 is divided by 249.
248
What is the remainder when 30030717 is divided by 5263?
39
Calculate the remainder when 245022872 is divided by 224.
24
Calculate the remainder when 818221 is divided by 272366.
1123
What is the remainder when 990110 is divided by 135?
20
What is the remainder when 1287429620 is divided by 23?
20
Calculate the remainder when 83234 is divided by 1731.
146
What is the remainder when 48437741 is divided by 1360?
1341
What is the remainder when 64079 is divided by 2156?
1555
Calculate the remainder when 1376760 is divided by 18.
12
Calculate the remainder when 220634 is divided by 1291.
1164
What is the remainder when 151159 is divided by 6034?
309
What is the remainder when 2119309 is divided by 55?
49
Calculate the remainder when 87870 is divided by 83930.
3940
What is the remainder when 509774 is divided by 1200?
974
What is the remainder when 33279 is divided by 94?
3
Calculate the remainder when 28440832 is divided by 3383.
3334
Calculate the remainder when 2404982 is divided by 400619.
1268
Calculate the remainder when 5245010 is divided by 163.
159
Calculate the remainder when 4014582 is divided by 6994.
26
Calculate the remainder when 3632891 is divided by 786.
785
Calculate the remainder when 1777897 is divided by 34190.
17
Calculate the remainder when 21267228 is divided by 1225.
3
Calculate the remainder when 66286 is divided by 33048.
190
Calculate the remainder when 196470449 is divided by 6270.
6269
What is the remainder when 3899948 is divided by 1949865?
218
What is the remainder when 103356 is divided by 103075?
281
What is the remainder when 505691 is divided by 3464?
3411
Calculate the remainder when 4575677 is divided by 217887.
50
Calculate the remainder when 1025980 is divided by 85497.
16
Calculate the remainder when 5636924 is divided by 331.
325
What is the remainder when 616360 is divided by 16220?
0
Calculate the remainder when 25452 is divided by 23384.
2068
Calculate the remainder when 18687422 is divided by 2489.
10
Calculate the remainder when 239297 is divided by 229.
221
Calculate the remainder when 19442 is divided by 4334.
2106
Calculate the remainder when 5259192 is divided by 4721.
4719
Calculate the remainder when 105401958 is divided by 1916399.
13
Calculate the remainder when 10868547 is divided by 257.
17
What is the remainder when 1140507 is divided by 1140446?
61
Calculate the remainder when 42263 is divided by 140.
123
Calculate the remainder when 2682126 is divided by 2509.
5
What is the remainder when 1110787 is divided by 58457?
104
Calculate the remainder when 186975 is divided by 622.
375
Calculate the remainder when 6203894 is divided by 484.
466
What is the remainder when 68462906 is divided by 522?
518
What is the remainder when 544139 is divided by 19930?
6029
Calculate the remainder when 569985710 is divided by 304.
302
Calculate the remainder when 23771 is divided by 592.
91
What is the remainder when 79938 is divided by 20?
18
Calculate the remainder when 2360187 is divided by 35.
32
What is the remainder when 79313 is divided by 832?
273
Calculate the remainder when 740555 is divided by 46250.
555
What is the remainder when 207477 is divided by 103674?
129
What is the remainder when 8443726 is divided by 4221836?
54
Calculate the remainder when 298775 is divided by 21290.
715
Calculate the remainder when 2932 is divided by 607.
504
What is the remainder when 58734601 is divided by 277050?
1
What is the remainder when 655764 is divided by 447?
15
Calculate the remainder when 282890883 is divided by 94296957.
12
What is the remainder when 358464312 is divided by 5?
2
What is the remainder when 136411 is divided by 1003?
3
What is the remainder when 110298 is divided by 5251?
27
What is the remainder when 2061 is divided by 1783?
278
Calculate the remainder when 1345622 is divided by 30580.
102
Calculate the remainder when 381573 is divided by 90.
63
Calculate the remainder when 274602 is divided by 137272.
58
What is the remainder when 80981 is divided by 794?
787
Calculate the remainder when 184050 is divided by 2347.
984
What is the remainder when 21554867 is divided by 1752?
11
What is the remainder when 722675 is divided by 18064?
115
Calculate the remainder when 39529839 is divided by 6341.
45
What is the remainder when 526169 is divided by 175379?
32
Calculate the remainder when 838292 is divided by 211.
200
What is the remainder when 222115976 is divided by 17?
11
What is the remainder when 2872283 is divided by 63823?
248
What is the remainder when 4563338 is divided by 1692?
14
What is the remainder when 585812 is divided by 73218?
68
What is the remainder when 4774462 is divided by 18?
16
What is the remainder when 3685482 is divided by 283496?
34
Calculate the remainder when 1194572 is divided by 48.
44
What is the remainder when 773679993 is divided by 1117?
1113
Calculate the remainder when 1154995 is divided by 550.
545
Calculate the remainder when 44060982 is divided by 22.
20
What is the remainder when 84710469 is divided by 4235522?
29
What is the remainder when 201664 is divided by 22398?
82
Calculate the remainder when 15